
What are the prime factors of (-48)/(-4)*(-9)/((-162)/1752)?
2, 73
Let i(q) = q**2. Let l be i(2). Suppose 2*p + l*m + 4 = 3*p, 12 = 3*p + m. Suppose -p*j - 37 = -5*k, -19 = -0*k - k - 5*j. List the prime factors of k.
3
Let y(b) be the third derivative of b**4/24 + 49*b**3/3 + b**2. List the prime factors of y(0).
2, 7
Suppose -2*i - 23 = 5*u, -3*u - u = -4*i - 60. Let v = -10 - i. Suppose -8*t = -v*t - 92. What are the prime factors of t?
23
Suppose 0 = 12*q - 3*q - 1971. Suppose -f = o - 43, 0*f - f = 5*o - q. What are the prime factors of o?
2, 11
Suppose -3*u - 5*h = -u - 1358, 3*u = 3*h + 2037. List the prime factors of u.
7, 97
Let m be (-13)/2*(-8)/2. Let a be (-6)/(-1) + (-6 - -3). Suppose a*z + m = 5*z. What are the prime factors of z?
13
Let v(n) = n**2 + 13*n + 3182. What are the prime factors of v(0)?
2, 37, 43
Suppose -3*a = -8*a + 90. Suppose 0 = 5*g - b - a, 0*g + 9 = g - 2*b. Suppose s = -g + 11. List the prime factors of s.
2
Let o = 2401 - 36. List the prime factors of o.
5, 11, 43
Let g be (-1)/(3/285*1). Let d = 56 + g. Let m = 83 + d. List the prime factors of m.
2, 11
What are the prime factors of (12/10)/((-25)/(-14625))?
2, 3, 13
Let d = 7 + -1. Suppose -3*k + p = -3, k - 4*p + d = -4. Suppose 2*h + 2*g - 12 = 0, 5*h + k*g - 14 = g. What are the prime factors of h?
2
Let x(k) be the third derivative of -k**4/3 - 17*k**3/6 - 11*k**2 + 3. Let h be -2 + -4 - 0 - 2. What are the prime factors of x(h)?
47
Let l(i) = -226*i**3 + i**2 - 2*i - 2. Let r be l(-1). Let h = -133 + r. List the prime factors of h.
2, 47
Let l(j) = 17*j + 123. List the prime factors of l(26).
5, 113
Let n(w) = -w**3 + 11*w + 8. Suppose 0 = 5*p + 3 - 8, 20 = -4*y - 4*p. List the prime factors of n(y).
2, 79
Let b(h) = -10*h**3 + 7*h**3 + 6*h**3. Let t be b(-1). What are the prime factors of ((-20)/8 - t)*4?
2
Suppose 3365 = 4*h + 1005. Suppose 9*q - 4*q = -5*s + h, -s + 133 = 4*q. List the prime factors of s.
113
Let s be (4/(-6))/((-16)/1344). Suppose 0 = 2*j + 28 - s. What are the prime factors of j?
2, 7
Suppose 7*x + 20794 = 44*x. List the prime factors of x.
2, 281
Suppose -2*c - 57 = -n, 5*n - 3*c - 133 - 187 = 0. List the prime factors of n.
67
Suppose 0 = 3*u - 82 - 170. Let j be (-24)/(-9)*u/8. What are the prime factors of ((-8)/j)/((-2)/14)?
2
Let x be ((-10)/(-30))/((-1)/(-18)). Let a = 3 - x. What are the prime factors of (-6)/(-18) + (-44)/a?
3, 5
Suppose -18*b + 36028 = 12070. List the prime factors of b.
11
Suppose -5*y + 7542 = -4*i, 0 = -5*y - i + 6*i + 7545. What are the prime factors of y?
2, 3, 251
Let h = -1747 - -4039. List the prime factors of h.
2, 3, 191
Let j(o) = -o - 8. Let h be j(-11). Suppose 4*g + 4*a = -0*a + 4, -3 = -4*g - h*a. Let z = 6 + g. List the prime factors of z.
2, 3
Let g(x) be the first derivative of 7/2*x**2 + 2 - 9*x. What are the prime factors of g(5)?
2, 13
Let n = 24 - 45. Let d be -36 + (-1 - -3 - 5). Let j = n - d. What are the prime factors of j?
2, 3
Let y = 28 - -2. What are the prime factors of y/(-70) + 101/7?
2, 7
Let p(s) = s**3 - 27*s**2 - 18*s + 537. List the prime factors of p(29).
1697
Let v(k) = -4*k**3 + 4*k**2 - 22*k + 3. List the prime factors of v(-6).
3, 127
Let k = 19 + -9. Suppose 0*o + k = 5*y - 3*o, 4*y = 4*o + 8. Suppose -4*l + 4 = -y*l. List the prime factors of l.
2
Let l(h) = -2 - h**2 + 0*h + h + 9*h**2. Let p be l(-2). Suppose 4*v + 3*u = 68, 0 = v - 2*u - 0*u - p. List the prime factors of v.
2, 5
Suppose 2*q = 2*g - 3*g + 480, -5*q + 2380 = 5*g. List the prime factors of g.
2, 59
Let x be (-18)/(-36)*1*-14. Let v = 18 - x. List the prime factors of v.
5
Let s = -48 - -321. Suppose 111 = -3*c + s. What are the prime factors of c?
2, 3
Suppose -3*v + o + 6313 = 0, 4*v - 5057 = 5*o + 3342. What are the prime factors of v?
2, 3, 13
Let g = -1363 + 2822. What are the prime factors of g?
1459
Let x = -25 + 3. Let a = 17 - x. What are the prime factors of a?
3, 13
What are the prime factors of (34 - 28) + -1 + 5?
2, 5
Suppose 58*k - 57*k = 241. Suppose -3*b = -k - 23. List the prime factors of b.
2, 11
Suppose -2*i + 4*f + 108 = -1728, 0 = 4*i + 5*f - 3711. List the prime factors of i.
2, 3, 7, 11
Let y(g) = g**3 + 5*g**2 - 8*g. Let s be y(-6). Suppose c - 3 = -2*j + s, 3*j = c + 10. List the prime factors of c.
5
Let w(i) = i**2 + 22*i - 23. Let r be w(-23). Suppose p + 6*p - 1519 = r. What are the prime factors of p?
7, 31
Let v(s) be the second derivative of -4*s + 2/3*s**3 + 0 + s**2 + 7/12*s**4. List the prime factors of v(-3).
53
Let m(x) be the third derivative of x**5/60 + x**4/4 + 83*x**3/6 + 12*x**2. What are the prime factors of m(0)?
83
Let t(r) = 8*r**2 + 2*r + 10. Let l(u) = -7*u**2 - 3*u - 9. Let v(c) = -7*l(c) - 6*t(c). What are the prime factors of v(-9)?
3
Suppose -3*b + 190 = 2*b. Suppose -4*d - 63 = 5*l - d, 0 = 3*l + 2*d + b. Let y = l + 22. What are the prime factors of y?
2, 5
Let t = -11 - -9. Let n be (t + 5)*(-1 + 2). List the prime factors of (-2 - -8*1) + n.
3
Suppose 5*b - 2*s = 2652, 0 = -29*b + 31*b + 3*s - 1057. List the prime factors of b.
2, 5, 53
Suppose -2*h + 4*v = 2*h - 1788, h - 452 = 2*v. What are the prime factors of h?
2, 13, 17
Suppose 94*b = 93*b + 137. Let x = b - 99. What are the prime factors of x?
2, 19
Let v = 26 + -16. Let t(s) = 10*s - 25. List the prime factors of t(v).
3, 5
Let a be (-6)/(-3) + 8*3/(-6). List the prime factors of (-28)/(-7) - 58/a.
3, 11
Let h(x) = -x**3 - x**2 + 23*x + 27. What are the prime factors of h(-6)?
3, 23
Suppose 0 = -9*d + 7884 - 1989. What are the prime factors of d?
5, 131
Let o(m) = m**3 + 9*m**2 - 36*m + 2. Let t be o(-12). List the prime factors of (7 - 0)/((-2 - t)/(-8)).
2, 7
Let o = 4 + 3. Let r = -5 + o. What are the prime factors of 314/10 + r/(-5)?
31
Let y = 679 - 238. List the prime factors of y.
3, 7
Let d = -2 - -17. Suppose 0 = 2*m + 3*m - d. List the prime factors of 198/12*4/m.
2, 11
Let i(q) = 352*q**2 - 362*q**2 + 5 + 3*q**3 + 3*q - 2*q**3. What are the prime factors of i(10)?
5, 7
Let x(y) = -y + 5. Let z be x(0). Let l(v) = -v**2 - 6*v - 5. Let i be l(-4). Suppose -z*h = -i*h - 36. What are the prime factors of h?
2, 3
Let l = -876 - -1766. What are the prime factors of l?
2, 5, 89
Let n = 0 + -13. Let w = -15 - n. List the prime factors of 1428/60 + w/(-10).
2, 3
What are the prime factors of 2 - (-1 - 0 - (510 - -2))?
5, 103
Suppose 2*j + 107 = -95. Let q = j + 156. List the prime factors of q.
5, 11
Let w(d) = d**2 + 4*d + 8. Let v be w(4). Suppose -3*h + v = -5*h. Let f = h - -54. List the prime factors of f.
2, 17
Let u(t) = 738*t - 13. What are the prime factors of u(1)?
5, 29
Suppose -2*v + 11 = 3. Suppose -v*x - x + 115 = -5*s, -s = x - 33. List the prime factors of x.
2, 7
Let t(x) = x + 1. Let z be t(5). Suppose 3*d + 5*m = -5, -3*d - m + 35 = -z*m. Suppose -21 = -d*k + 99. List the prime factors of k.
2, 3
Let n(b) = b**2 - 2*b - 18. Let w be n(6). Suppose -w*v + 872 = 2*v. What are the prime factors of v?
109
Let c = 0 - -7. Let l(x) = -x**3 + 6*x**2 + 9*x - 12. Let p be l(c). Suppose p*g - k = 115, -2*k - 230 = -3*g - 60. What are the prime factors of g?
2, 3, 5
Let n be -11 - -1*(-5 - -9). Let j(d) = -d**3 - 5*d**2 - 15*d + 2. What are the prime factors of j(n)?
5, 41
What are the prime factors of 3771 - 0/(-3) - (86 - 85)?
2, 5, 13, 29
Suppose 57*c = 56*c + 3. Suppose 0 = j - 2*k - 278, 2*k = 2*j + c*k - 541. List the prime factors of j.
2, 17
Suppose 4*y = -y + 5. Let a(o) = 93*o. List the prime factors of a(y).
3, 31
Let z = -1971 + 3292. List the prime factors of z.
1321
Let r(i) = -10*i**2 - 6*i + 27. Let j be r(3). Let a be (-7)/(1/10*2). Let b = a - j. List the prime factors of b.
2, 23
Let a = 178 - 51. List the prime factors of a.
127
Let i be 1/((9 + -5)/492). Let o = i + -112. What are the prime factors of o?
11
Let c(t) = -t**2 + 16*t + 4. Let d = -17 + 21. Let x(s) = -s + 11. Let g be x(d). List the prime factors of c(g).
67
Let b(l) = -22*l + 199. List the prime factors of b(-20).
3, 71
Suppose -93 = -4*z + 899. What are the prime factors of z?
2, 31
Suppose 2*v = 8*v + 726. Let f = v - -184. What are the prime factors of f?
3, 7
Suppose -4*m - 1580 = -4*c, 970 = 3*c + 3*m - 233. List the prime factors of c.
2, 199
Let r be 5/(15/39)*(0 + 1). 